mainder when l is divided by 1 + 13 - 0/u?
13
Let o(m) = -38*m - 7. Calculate the remainder when o(-2) is divided by 14.
13
Let o = 3 - -9. Suppose 3*g - a - 26 = -0, -2*a = -5*g + 45. Calculate the remainder when o is divided by g.
5
Suppose 0 = -n + 5*d - 16, 4*n + 5*d = -14. Let g = 10 + n. What is the remainder when 5 is divided by g?
1
Suppose 2*f + 0*f + 2*z = 26, 0 = -4*f - 2*z + 56. What is the remainder when 52 is divided by f?
7
Calculate the remainder when (584/(-16))/(2/(-4)) is divided by 19.
16
Calculate the remainder when (7 + (-105)/14)/((-2)/388) is divided by 9.
7
Suppose 3*f + 9 = 45. Suppose z - 6 = -2*j, -5*j - 2 = 5*z - 12. Suppose -5*r + 179 = j*b, -r + 30 = -8*b + 3*b. What is the remainder when r is divided by f?
11
Let r be 1 + -2 + (-2 - -7). Let l = r - -21. What is the remainder when 48 is divided by l?
23
Suppose -j - 7 = b, j + 7 - 3 = -2*b. Let c = 14 + j. Suppose 0 = 8*z - c*z - 44. What is the remainder when 31 is divided by z?
9
Suppose -3*k + 37 = 7. What is the remainder when 67 is divided by k?
7
Let u(o) = -o**3 + 5*o**2 + 1. What is the remainder when u(4) is divided by 6?
5
Let r = -39 - -121. Calculate the remainder when r is divided by 28.
26
Suppose 7 + 7 = -2*j. Let c be (4 + j)*44/(-6). Let q = c + -8. Calculate the remainder when q is divided by 8.
6
Suppose -4*k = 5*r - 0*r - 315, -2*r = -3*k + 219. Suppose 3*q = -2*q + k. Calculate the remainder when 198/7 + (-4)/14 is divided by q.
13
Suppose -6*u = -2*u - 16. Suppose -4 = -a + u. What is the remainder when 15 is divided by a?
7
What is the remainder when 68 is divided by 27 + -6 + ((-1)/(-1) - -2)?
20
Suppose p - 45 = 2*j, -5*j - 66 - 65 = -3*p. Calculate the remainder when p is divided by 13.
11
Calculate the remainder when (-69)/(-6)*4 - 1 is divided by 12.
9
Suppose -2*r - 7 = -2*g + r, 10 = 2*r. Suppose -755 = -b - 712. Calculate the remainder when b is divided by g.
10
Let t(z) = -141*z - 2. Let v(f) = -47*f - 1. Let c(j) = 4*t(j) - 11*v(j). What is the remainder when c(-1) is divided by 26?
24
Let j be -1 + -2 + 2 + -52. Let r = -32 - j. Calculate the remainder when 82 is divided by r.
19
Let w = -2 + 8. Let u be 0/(3/(3/2)). Suppose -d + w*d - 40 = u. What is the remainder when 23 is divided by d?
7
Suppose 0 = 3*o - 31 - 17. Suppose 0 = -x + 5*x - 124. Calculate the remainder when x is divided by o.
15
Let w = -121 + 132. Calculate the remainder when 30 is divided by w.
8
What is the remainder when 79 - 2/(-1) - -4 is divided by 29?
27
Let z(w) = 2*w**3 - 2*w**2 - 3*w + 6. What is the remainder when z(3) is divided by 9?
6
Suppose -4*y - 3*p = -8*p - 39, 27 = 4*y - p. What is the remainder when 16 is divided by y?
4
Suppose 0 = -r - k - 3, -19 = r + 2*k + 3*k. What is the remainder when r/(-2) - 65/(-2) is divided by 11?
10
Let a(p) = -p + 2. Let o(b) = b**3 + 2*b**2 - b**2 - 3 + 4*b - 5*b**2. Let r be o(2). What is the remainder when 14 is divided by a(r)?
4
Let u be (-1)/4*14*2. Let q(p) = 2*p + 15. What is the remainder when 1 is divided by q(u)?
0
Suppose -2 = -2*h, p - 9 = h - 26. Let i = p - -21. Calculate the remainder when 7 is divided by i.
2
Let p(w) = -w + 10. Let r be p(8). Suppose -r*s = -4*h + 52, 2*s = -2*h - 2*h + 36. What is the remainder when h is divided by 7?
4
Suppose w + 5*w = 54. What is the remainder when 15 is divided by w?
6
Let y = -4 - -14. Calculate the remainder when 58 is divided by y.
8
Suppose 4*i + 12 = 0, 6*q - 4*q + 2*i = 96. Calculate the remainder when q is divided by 9.
6
Suppose -78 = -15*s + 357. Let p(b) = 6*b**2 + b - 2. What is the remainder when p(3) is divided by s?
26
Suppose 0 = -j + 2*j + 1. What is the remainder when 20 is divided by j/(-4) + 27/4?
6
What is the remainder when (36/(-30))/((-4)/50) is divided by 9?
6
Suppose -t - 2*t = 3. Let y be -5 - (-1)/((-1)/t). Let o = y + 11. What is the remainder when 20 is divided by o?
6
Let x(n) = 16*n**2. Let g be 4/10 - (-7)/(-5). Let p be x(g). Suppose -3*d = 4*a - 26, -2*d + 3*a - p = -a. Calculate the remainder when d is divided by 2.
0
Let s = -31 + 78. What is the remainder when s is divided by 17?
13
Let z = 15 + -12. Calculate the remainder when z is divided by 1.
0
Suppose 5*a + 7 - 37 = 4*p, -2*a - 3*p - 11 = 0. Suppose -a*o = 2*o - 56. Calculate the remainder when 41 is divided by o.
13
Let b be 9/(-6)*14/(-3). Let u(l) = -l**3 + 7*l**2 - 2*l + 3. Let n be u(b). What is the remainder when 30 is divided by (-178)/n + 4/(-22)?
14
Let q = 54 + -49. Calculate the remainder when 21 is divided by q.
1
Let b = 0 + 20. Let f(y) = -y**3 + 9*y**2 + y + 6. Calculate the remainder when f(8) is divided by b.
18
Let o = -1 - -6. Suppose -4*n + 4*y = n - o, -2 = -2*n + 5*y. Calculate the remainder when 4 is divided by (-4)/6*(n - 4).
0
Suppose 2*r = a - 11 - 22, -45 = 5*r + 5*a. Let k = r - -24. Calculate the remainder when k is divided by 6.
4
Suppose -p - 2*p + 27 = 0. Suppose -30 + p = -4*u + 5*g, -9 = -2*u + g. Calculate the remainder when 13 is divided by u.
1
Let h = 61 - 33. What is the remainder when h is divided by 11?
6
Let b(v) = -v**3 - 6*v**2 - v - 3. Let l(f) = f**2 + 8*f - 6. Let d be l(-8). Let t be b(d). Let u = 6 - t. Calculate the remainder when 8 is divided by u.
2
Suppose 0 = -2*z + 1 + 5. Suppose -z*s = -4*s + 3. Calculate the remainder when 10 is divided by s.
1
Let r = -10 - -27. Suppose 0*a = 2*a - 12. What is the remainder when r is divided by a?
5
Suppose 5*q - 26 = -1. Let p(n) = n**3 + 8*n**2 - 11*n - 6. What is the remainder when p(-9) is divided by q?
2
Let u(i) = -i + 12. Let c = -4 - -9. Calculate the remainder when u(c) is divided by 4.
3
Let x = -5 + -14. Let r = x + 45. What is the remainder when r is divided by 9?
8
Let h = 10 + -4. Suppose -18 - 7 = -5*t. Suppose 0 = k + 3*r - 19, 2*r - 81 = -t*k + r. What is the remainder when k is divided by h?
4
Let l(p) = 2*p**2 - 2*p + 4. Calculate the remainder when l(3) is divided by 6*-3*4/(-8).
7
Suppose -3*w = w - 276. Calculate the remainder when w is divided by 14.
13
Let b(m) = -m**3 - 6*m**2 + 8*m + 10. Suppose -4*x - x = 10, -5*o + 5*x = -75. What is the remainder when o is divided by b(-7)?
1
Suppose -b + 15 = 2*b. Suppose -b*j = -251 - 104. What is the remainder when j is divided by 24?
23
Suppose -2*z = -6 + 20. Let m(h) = h**3 + 8*h**2 + 6*h - 3. Calculate the remainder when 6 is divided by m(z).
2
Let x(f) = f - 1. Let b be x(-4). Let u be (-1)/(-1 + b/(-6)). Calculate the remainder when 15 is divided by ((-8)/u)/((-2)/12).
7
Let p be 9/(-6)*2/(-3). Suppose -2*m = -5*m - c + 8, 0 = 5*m - 2*c - 6. Let b = m - p. What is the remainder when b is divided by 1?
0
What is the remainder when 8/(-6) - 4968/(-81) is divided by 31?
29
Let o = -6 + 6. Let k = 6 + o. Let t = 32 + -16. What is the remainder when t is divided by k?
4
Suppose 0 = -3*c - 19*c + 154. Suppose -2*t + 7 = -2*d + t, -5*t = -3*d - 13. What is the remainder when c is divided by d?
3
Suppose -4*z - 5*u = -3*z - 11, -5*z + 2*u + 55 = 0. What is the remainder when 30 is divided by z?
8
Suppose -5*k + 42 = 17, 34 = 2*a + 2*k. What is the remainder when 21 is divided by a?
9
Let c(t) be the first derivative of 3*t**2/2 - 5*t + 1. Let l(h) = -h**3 - 7*h**2 + 7*h - 4. Let j be l(-8). What is the remainder when 19 is divided by c(j)?
5
Let s be (-3 + 49 + -2)*1. Let z = s - 28. What is the remainder when 47 is divided by z?
15
Let u(r) = r**3 + 3*r**2 - 10*r + 9. What is the remainder when u(-5) is divided by 3?
0
Let u = 24 - 15. Calculate the remainder when 24 is divided by u.
6
What is the remainder when 0 + 19 + (-16)/4 is divided by 8?
7
Let i(h) = -h**2 - 9*h. What is the remainder when (2/4)/(1/104) is divided by i(-6)?
16
Suppose -153 = -2*w + k + 100, 0 = 3*w - 4*k - 367. What is the remainder when w is divided by 22?
19
Suppose 0 = -4*m - 3*s + 128, -5*m + m + 124 = 2*s. Suppose -v = 3*y - 33, -5 = 4*y - 2*v - 39. Let f = 20 - y. What is the remainder when m is divided by f?
9
Suppose 0 = -2*q + 5*r + 253, 3*q + 372 = 6*q - 5*r. What is the remainder when q is divided by 34?
17
Suppose 0 = -0*f - f + 4*r + 5, 5*f - 145 = -4*r. Suppose -3*q = -59 - 73. What is the remainder when 25 is divided by 5/f - q/(-5)?
7
Suppose -71 = -2*i + 47. What is the remainder when i is divided by 10?
9
Let w